/60 - y**4/8 + y**3/2 - 2*y**2. What is the units digit of g(-3)?
3
Suppose p - 4*f = -5*f + 19, -5*f - 5 = 0. Suppose k = 13 + p. What is the tens digit of k?
3
Suppose 0 = 5*o - 3*w - 132 - 179, 5*w + 305 = 5*o. What is the tens digit of o?
6
Suppose 4*o = -4*p + 80, -4*o - 3*p + 59 = -21. Suppose 0 = -r + 3 + o. What is the tens digit of r?
2
Let z(u) = 6*u + 2 - u**2 - u**2 + 3*u**2. What is the units digit of z(-6)?
2
Let r(z) = z**2 + 4*z + 1. Let w be r(-3). Let a(f) = -6*f + 1. What is the tens digit of a(w)?
1
Let j = 32 - 16. Let n = j + -4. Suppose 2*u - 3*u - 5*c = -3, 4*u = -3*c + n. What is the units digit of u?
3
Suppose 0 = -i - 5*g + 9, 0 = -2*g - 3*g. What is the units digit of i?
9
What is the tens digit of (-8)/(-20) - (-716)/10?
7
Suppose 9*b - 20 = 5*b. Let o(c) = -c**3 - 5*c**2 + 5*c - 8. Let a be o(-6). Let l = a + b. What is the units digit of l?
3
What is the units digit of (-9)/(-18) + (-2)/(-4)?
1
What is the tens digit of (2 - 1)*(38 + -6)?
3
Let w(b) be the second derivative of -b**3/6 + 7*b**2/2 - 4*b. What is the units digit of w(5)?
2
Let v(u) = -u**3 + 7*u**2 - u + 9. Let y be v(7). Let t = 3 - y. What is the units digit of t?
1
Suppose 0 = 2*u - 3 - 1. Suppose i + u = 11. What is the units digit of i?
9
Let c = -35 + 63. Suppose l - 5 = -c. What is the units digit of l/(-4) - 3/(-12)?
6
Let y(m) = -m**3 + 3*m**2 + 3*m + 4. Let g be y(4). Let z = g - -17. What is the units digit of z?
7
Suppose 9 = -5*j + 29. Suppose 0*k = 5*k - 20. Suppose 3*w + k*i = 34, i = -0*i + j. What is the units digit of w?
6
Let g(f) = f**3 - 3*f**2 + 5*f - 3. Let y be g(3). Suppose -5*q = -4*x - 45, -2*x - y + 2 = 0. Suppose -b = -22 + q. What is the units digit of b?
7
Let r(d) = -8*d - 3. Let k be r(-3). Let o = 34 - k. What is the units digit of o?
3
Suppose 6 = 2*j + j. Let c = j + 11. What is the units digit of c?
3
Let d(n) = n**3 - 6*n**2 - 10*n + 7. Let c be d(8). Let k = -27 + c. What is the units digit of k?
8
Let n(r) = -3*r - 1. Suppose 5*h - 4*v - 2 = 0, 4*v + 5 = -h + 3*v. What is the units digit of n(h)?
5
What is the units digit of ((-40)/12 + 4)*138/4?
3
Suppose -5*r - 20 + 0 = 0, 5*m = 4*r + 196. Suppose -4*j = -l - 31, -4*j + 2*l = -m + 6. What is the units digit of j?
8
Let n(h) = 3*h + 2. Suppose -25 = 4*r - 65. Let z be n(r). Let f = z - 14. What is the units digit of f?
8
Suppose 7*i - 11 = -3*o + 3*i, -o + i - 8 = 0. What is the units digit of o*(-4)/(-9)*-3?
4
Suppose 6*z - z - 25 = 0. Suppose 5*c + z*s = 3*c - 3, 0 = 3*c - s - 4. What is the units digit of c?
1
Let u(l) = -l - 4. Let n be u(-6). Let y(j) = 6*j**2 + n*j - 3 - 2 - j**3 - 4. What is the units digit of y(6)?
3
Suppose 43*u = 38*u + 90. What is the tens digit of u?
1
Let b = 7 + -4. Let m = b + 0. What is the units digit of m?
3
Let w be ((-36)/(-16))/(3/8). Let l be 7/(-21) - 10/w. What is the units digit of 8 - (l - (-2)/2)?
9
Let w be 2/2 + -6 + 2. Let f be (1 - -2)/w - 11. What is the units digit of (-11)/3*f/4?
1
Let y(v) = v**3 + 7*v**2 + 5*v + 4. Let k be y(-5). Suppose 2*p + s = k, -4*p = -s - 4*s - 51. What is the tens digit of p?
1
Let p(q) = 2*q + 7 + 8 - 5 + 0. Let y(u) = u + 5. Let c(n) = 3*p(n) - 5*y(n). What is the tens digit of c(6)?
1
Let b = -15 - -25. Suppose b*s - 11*s = -15. What is the tens digit of s?
1
Let k(m) = m**2 + 3*m - 1. Let l be -6*1/(9/6). What is the units digit of k(l)?
3
Suppose -69 = -5*t + 36. Let r = -9 + t. What is the tens digit of r?
1
Let z(b) = -b**2 - 7*b - 7. Let n(p) = -p**2 - 3*p - 1. Let m be n(-4). What is the units digit of z(m)?
3
Let i = -18 - -30. What is the units digit of i?
2
Let t(u) = -u + 2. Let q be t(-3). Suppose -5*s + 12 - 3 = l, 19 = -s + q*l. What is the units digit of s?
1
Let g be (-3)/(-1*1*-1). Let w(d) = d**3 + 2 - 3 + 3*d + 4 + 4*d**2. What is the units digit of w(g)?
3
Suppose -109*p + 666 = -107*p. What is the units digit of p?
3
Suppose -1 = -2*b + b. Suppose 17 = 2*t + b. What is the units digit of t?
8
Suppose 2*z - 6 = 0, -5*z + 3*z + 10 = b. Suppose 2*r - 63 = -15. Suppose 3*i - b*t = -2, t - 5 = -4*i + r. What is the units digit of i?
6
Let q be (-2 + -1)/(-6)*0. Suppose q = a - 5*i + 12, -75 = -5*a - 4*i - 19. Let v = a - 6. What is the units digit of v?
2
What is the units digit of 2/(1*(-8)/(-20)) + -3?
2
What is the tens digit of -1*(-4 + 1)/(-6)*-178?
8
Let b(n) = -n**3 - 3*n**2 - n + 3. Suppose 0*h + h + 4 = 0. Let p be b(h). Suppose -5*q + p = 8. What is the units digit of q?
3
Let c(f) = -f**2 - 6*f + 3. Let w be c(-6). Suppose -30 = -w*u + 3*b, -5*u - 5*b = -u - 31. What is the units digit of u?
9
Let z(w) = w**2 - 12*w + 15. Let p be z(10). Let n(i) = i**2 + i - 10. What is the units digit of n(p)?
0
Suppose -c - 3*i + 19 = -0*i, 0 = -c + 3*i + 7. What is the units digit of c?
3
Suppose -2*g + 66 = -4*d, -3*g + d = -2*g - 28. What is the units digit of g?
3
Suppose 1 = 2*p + 3. What is the tens digit of (-2 - (-2 - p)) + 22?
2
What is the units digit of (-83)/(-5) - (-12)/(-20)?
6
Let p(s) = 6*s - 1. Let a be p(2). What is the tens digit of 780/66 - (-2)/a?
1
Let n be (0 - 1)*(-2)/1. Suppose -5*h + 5*p = 10, 5 = -n*h - 0*p + p. Let j = h - -15. What is the tens digit of j?
1
Suppose 17 + 1 = -p + 3*c, 0 = -5*c. What is the tens digit of 69/(-2)*12/p?
2
Suppose -3*q = 3*x + 3, -2*x + x - 3*q - 3 = 0. Suppose x = -4*f + 54 - 10. What is the tens digit of f?
1
Let u(d) = -3*d - 5. Let x be 2/8 - (-110)/8. Suppose 5*o - n + 1 + 25 = 0, 2*o + x = 4*n. What is the units digit of u(o)?
0
Let d = 12 - 5. Let p = 9 - d. What is the units digit of p?
2
Let v be 15/(-2)*4/(-5). Let u(y) = 6*y - 14. What is the units digit of u(v)?
2
Suppose -2*u + 5*g = -0*u + 11, -4*u - 2*g = 34. Let v = u + 11. What is the units digit of ((-2)/v)/(2/(-15))?
5
Suppose -8 = -d - 1. What is the units digit of 31 - (-1 + d - 3)?
8
Suppose 5*h + 4*y = 6*y + 17, 2*y = -2*h + 4. Let k = 0 - 3. What is the units digit of h/(k*3/(-9))?
3
Let a = 0 + 2. Suppose -a*t + 5*b = -5 - 1, 0 = -b. What is the units digit of t?
3
Let j be ((-15)/5)/(-1*1). Suppose -4*a = -8, j*u - 62 = -u - 5*a. Suppose 0 = -3*q + u + 8. What is the units digit of q?
7
Suppose 4*f = 8*f. Suppose -40 = -f*c - 5*c. Let n = c + -3. What is the units digit of n?
5
Suppose 0 = -5*o + 2*h + 3*h + 30, 0 = -2*o - 5*h - 9. Suppose -8 = z + 5*p, 0*z + o*p + 30 = 3*z. Suppose -2*w = z - 15. What is the units digit of w?
4
Let f(r) = -19*r + 2. What is the units digit of f(-7)?
5
Let i(u) = -u**2 + 1. Let d(k) = -4*k**2 + 2*k + 7. Suppose 3*j = -0*j - 18. Let h(v) = j*i(v) + d(v). What is the units digit of h(-1)?
1
Suppose 4*v - 4 = -6*t + 4*t, 5 = -v - 2*t. Let l(b) = b**2 + 5*b - 2. What is the units digit of l(v)?
2
Suppose -4 + 0 = 4*z. Let n = 1 - z. Suppose -n*a = -7*a + 10. What is the units digit of a?
2
What is the tens digit of (-1)/((-2196)/548 + 4)?
3
Suppose -4 = -5*t + 1. Let d(b) = -5*b**3 + 11*b**2 + 5*b + 20. Let k(r) = -r**3 - r + 1. Let f(c) = t*d(c) - 6*k(c). What is the units digit of f(-10)?
4
What is the tens digit of (-3 - -4)/((-3)/(-717))?
3
Let c be 5/15 + 70/6. What is the tens digit of (72/c)/((-2)/(-6))?
1
Let s(c) = -c**3 + 4*c**2 - 5*c + 2. Let l be s(3). Let q = 7 + l. What is the units digit of q?
3
Suppose o + 3*o = -12. Let y = o + 3. Suppose 0*s + 34 = 2*s - 5*r, y = 4*s + 5*r - 68. What is the units digit of s?
7
Suppose 147 = 3*p - p - l, 3*l - 309 = -4*p. What is the units digit of p?
5
Suppose -4*k - 11 = -j + 4*j, k - 2*j + 11 = 0. Let n(u) = -u**2 - 6*u. What is the units digit of n(k)?
5
Let t(p) = p + 5. Let v be t(-5). Suppose 10 = 5*l - v*l. Suppose l*a = 5*a - 30. What is the units digit of a?
0
Let o(h) = -225*h**3 - 3*h**2 - 4*h - 2. What is the hundreds digit of o(-1)?
2
Let t be ((-18)/15)/((-4)/10). Let l(y) = -4 - y - t*y**2 + 2*y**2 - y - 3*y. What is the units digit of l(-3)?
2
Let j be (-17 - -11)*6/2. What is the tens digit of 70/4 - 9/j?
1
Let w = -97 + 201. What is the tens digit of w?
0
Suppose -l + 108 = 2*w, 2*w - 54 = -3*l + 54. What is the units digit of w?
4
Let b = 72 + -47. What is the units digit of b?
5
Let y(i) be the second derivative of -i**5/20 - i**4/3 + 13*i**3/6 - 5*i**2/2 + 2*i. What is the tens digit of y(-7)?
5
What is the units digit of ((-98)